a composite number?
False
Is 26627577 a composite number?
True
Is 173427899 prime?
False
Is 15150703 a prime number?
True
Is 142286293 a composite number?
True
Is 15116869 a prime number?
True
Is 4584469 prime?
True
Is 7565029 a composite number?
False
Is 298538251 prime?
False
Is 814981 a composite number?
True
Is 71937947 prime?
False
Is 4803609 composite?
True
Is 4178731 a prime number?
False
Is 13963 a composite number?
False
Is 13303294 prime?
False
Is 43309727 a prime number?
False
Is 7338431 a prime number?
True
Is 185431601 a prime number?
False
Is 43111141 composite?
True
Is 35333873 prime?
False
Is 147861347 prime?
True
Is 1120387 a prime number?
False
Is 405143 composite?
False
Is 26137817 composite?
False
Is 39704241 a prime number?
False
Is 106116341 a prime number?
True
Is 21127913 composite?
False
Is 67640215 a composite number?
True
Is 426127 a composite number?
True
Is 35018877 a composite number?
True
Is 6167561 composite?
False
Is 3255446 prime?
False
Is 749552421 a composite number?
True
Is 1067741 prime?
True
Is 264098189 composite?
False
Is 87802801 a prime number?
True
Is 35353 a prime number?
True
Is 2705231 a prime number?
False
Is 9809287 a composite number?
False
Is 128717 a prime number?
True
Is 2078897 a composite number?
True
Is 14995823 a prime number?
False
Is 263990687 a composite number?
False
Is 2836397 prime?
True
Is 210671 prime?
True
Is 84688421 prime?
True
Is 4845127 prime?
False
Is 7533723 composite?
True
Is 25181221 a composite number?
True
Is 57217 composite?
True
Is 90343713 a prime number?
False
Is 2533627 a composite number?
False
Is 240409023 a composite number?
True
Is 32499023 composite?
True
Is 66355249 a composite number?
False
Is 9799319 composite?
False
Is 3836587 a composite number?
False
Is 503308811 a composite number?
False
Is 1320673 composite?
True
Is 10076741 a composite number?
False
Is 7046161 prime?
True
Is 7829179 composite?
False
Is 459731 a prime number?
False
Is 8141789 composite?
False
Is 193197701 a prime number?
True
Is 32200681 prime?
True
Is 73958419 composite?
True
Is 29172799 prime?
False
Is 831461 prime?
True
Is 3312919 composite?
False
Is 150138769 prime?
False
Is 105192137 prime?
True
Is 606233 a prime number?
False
Is 1063327 composite?
True
Is 29897131 a composite number?
True
Is 2895439 composite?
False
Is 39932779 composite?
True
Is 947971 composite?
True
Is 1735159 composite?
False
Is 6305287 prime?
False
Is 163900153 prime?
True
Is 11263531 composite?
False
Is 193722962 prime?
False
Is 11272777 a prime number?
False
Is 21018317 a composite number?
False
Is 270689889 a prime number?
False
Is 16512319 a composite number?
False
Is 9402077 a composite number?
True
Is 753569 prime?
True
Is 78200594 prime?
False
Is 16425023 composite?
False
Is 88600283 a prime number?
False
Is 82346839 a prime number?
True
Is 1042681 a composite number?
False
Is 363133 a prime number?
False
Is 76309705 a composite number?
True
Is 82738069 a composite number?
False
Is 53519353 a composite number?
True
Is 124352581 a composite number?
False
Is 33432289 composite?
True
Is 5889011 a prime number?
True
Is 31378449 a composite number?
True
Is 3985249 a prime number?
True
Is 98677049 a composite number?
False
Is 10470947 a composite number?
False
Is 540929 prime?
False
Is 2264027 a prime number?
True
Is 4375799 prime?
True
Is 2336947 a composite number?
False
Is 7430897 prime?
False
Is 1410961 a prime number?
True
Is 25074557 a composite number?
False
Is 14974979 composite?
False
Is 33467623 a prime number?
False
Is 1006433 prime?
True
Is 192131959 a prime number?
False
Is 6134339 a composite number?
False
Is 31093781 composite?
True
Is 5983046 composite?
True
Is 15030493 a composite number?
False
Is 9246323 prime?
True
Is 6648737 a composite number?
False
Is 1219178 composite?
True
Is 13964467 a composite number?
True
Is 959093009 a composite number?
True
Is 43136767 composite?
True
Is 1992407 a prime number?
True
Is 6120713 a prime number?
False
Is 3552623 a composite number?
True
Is 3502407 prime?
False
Is 1239757 a prime number?
False
Is 2837 a prime number?
True
Is 24406387 composite?
False
Is 1508411 composite?
True
Is 396293 a prime number?
True
Is 151024031 a prime number?
True
Is 260527313 composite?
False
Is 274102783 a composite number?
False
Is 16609721 prime?
False
Is 1188511 prime?
True
Is 4031327 a prime number?
True
Is 19474159 a prime number?
True
Is 23999273 composite?
True
Is 5646419 a prime number?
True
Is 20301429 a composite number?
True
Is 1071563 composite?
False
Is 48371381 composite?
True
Is 2959469 a composite number?
False
Is 264724367 composite?
False
Is 3651757 a prime number?
True
Is 3476967665 prime?
False
Is 629311 composite?
False
Is 71150579 a prime number?
False
Is 92060869 composite?
False
Is 3259777 composite?
True
Is 29372453 prime?
False
Is 658477 prime?
True
Is 125845009 a composite number?
False
Is 255227887 prime?
False
Is 2151533 a prime number?
True
Is 18217097 a prime number?
True
Is 2224231 a composite number?
False
Is 15143641 prime?
True
Is 9408563 composite?
False
Is 10004921 a prime number?
True
Is 45779077 a prime number?
True
Is 5420593 prime?
False
Is 4011409 composite?
False
Is 24817409 a composite number?
True
Is 6738623 a prime number?
True
Is 321914807 a composite number?
False
Is 62331835 composite?
True
Is 10816633 a composite number?
False
Is 7785319 composite?
False
Is 2790841 prime?
True
Is 169552885 composite?
True
Is 457433 a composite number?
False
Is 6235669 a prime number?
False
Is 2865459 a composite number?
True
Is 4942477 a prime number?
False
Is 16173439 a prime number?
False
Is 260167 composite?
True
Is 321987683 a prime number?
False
Is 96204143 a prime number?
False
Is 1906817 composite?
True
Is 64328071 a prime number?
False
Is 463613 composite?
False
Is 1272804783 prime?
False
Is 6424609 prime?
True
Is 200912771 prime?
False
Is 14013383 composite?
False
Is 17959537 composite?
True
Is 5789249 prime?
True
Is 1306857617 prime?
False
Is 48072593 a composite number?
False
Is 25184553 prime?
False
Is 139528939 a composite number?
True
Is 8268787 composite?
True
Is 482519 a composite number?
False
Is 511554209 a composite number?
False
Is 42755407 composite?
False
Is 11649637 a prime number?
False
Is 429715493 composite?
False
Is 1818758477 prime?
True
Is 753551 a composite number?
True
Is 15623899 a prime number?
False
Is 234621437 a composite number?
True
Is 173969189 a prime number?
True
Is 7452271 prime?
True
Is 466609157 a composite number?
True
Is 23153327 prime?
False
Is 61177261 composite?
True
Is 1556393 composite?
False
Is 1876949 a prime number?
True
Is 6049567 composite?
False
Is 51682 a prime number?
False
Is 1585411 prime?
True
Is 21962609 composite?
False
Is 871571 composite?
False
Is 4260383 composite?
False
Is 223273669 a prime number?
False
Is 257459 prime?
True
Is 203186846 composite?
True
Is 586611421 a composite number?
True
Is 133240799 a prime number?
True
Is 1813271 prime?
False
Is 3327347 prime?
True
Is 28952405 a prime number?
False
Is 7555811 a prime number?
False
Is 55842847 a composite number?
False
Is 210744041 prime?
True
Is 2138737 prime?
True
Is 19440623 composite?
True
Is 946607 a prime number?
True
Is 7905518 a prime number?
False
Is 147500107 composite?
False
Is 2538617 prime?
True
Is 154181 composite?
False
Is 189707759 a prime number?
False
Is 27808531 a composite number?
False
Is 6513779 a prime number?
True
Is 137351759 composite?
False
Is 1268207 prime?
True
Is 2709529 a composite number?
True
Is 331106663 a prime number?
True
Is 12693817 prime?
True
Is 41259259 prime?
False
Is 2590589 composite?
False
Is 47563487 prime?
True
Is 1358779 a composite number?
False
Is 4440571 a composite number?
False
Is 859913 a prime number?
True
Is 22826014 a prime number?
False
Is 64202609 a composite number?
False
Is 3551281 a prime number?
False
Is 584084261 a prime number?
False
Is 11281 a composite number?
True
Is 6728503 prime?
True
Is 6801413 composite?
True
Is 8043577 a composite number?
True
Is 9399662 a prime number?
False
Is 285967 composite?
True
Is 28740451 composite?
False
Is 162040133 a composite number?
True
Is 36721987 a prime number?
True
Is 91351163 a prime number?
True
Is 154